g + 3*g + h - 5 = 0. Suppose -4*p + 6*p - 1778 = g. Let b = p - 518. Is b a composite number?
True
Let m(q) = -3*q**3 - 7*q**2 - 6*q + 9. Let v(p) = p**3 + p**2. Let b(c) = m(c) + 4*v(c). Is b(7) a composite number?
False
Let s(b) = 6*b**2 + 2*b - 11. Is s(12) a composite number?
False
Let v(o) = -o + 9. Let s be v(5). Suppose 0 = -g + 3, 6*w = 2*w + 4*g + s. Suppose n - 95 = -w*n. Is n composite?
False
Let u = 212 + 157. Let f = -146 + u. Is f composite?
False
Let w be (-2)/1 - 3/(-3). Let n = w + 1. Let k(v) = v + 53. Is k(n) a prime number?
True
Let x(r) = -23*r**3 + r. Let z be -2 - (-8)/2 - 3. Is x(z) prime?
False
Let i(f) = f**2 + f + 5. Let y be i(0). Suppose y*z + 83 = d, -3*z + z = -5*d + 415. Is d composite?
False
Suppose 3*t + 96 = 5*t. Let n = 233 - t. Is n a composite number?
True
Let h = 35 - -20. Is h composite?
True
Let b = 1 - 5. Let q(o) be the third derivative of -11*o**4/8 - 5*o**3/6 - 4*o**2. Is q(b) a prime number?
True
Is (12/(-24))/(1/(-2722)) a composite number?
False
Let g = 920 + -423. Is g a prime number?
False
Let p be (3/(-2))/((-2)/268). Let h = 364 - p. Is h a prime number?
True
Let s = 505 - 331. Suppose s = -2*r + 4*r. Is r a prime number?
False
Let j = -3 - -7. Let u(h) = -j + 4*h + 0 + 7*h. Is u(9) composite?
True
Let l be 1/4 + 34/(-8). Let p(g) = 5*g**2 + 2*g - 3. Is p(l) a prime number?
False
Let w(h) = -29*h - 5. Suppose 0 = -5*i + 2*c + 3*c - 35, -i = 4*c - 8. Is w(i) prime?
False
Suppose -5*p = -2*p - 213. Is p prime?
True
Let k = 2 + 3. Suppose -27 = -k*r - 3*c, 4*r + 6 = 2*r + 3*c. Suppose 2 + 40 = r*y. Is y a composite number?
True
Suppose -2*x = -5*i + 2*i + 3169, -4*i = -5*x - 4230. Is i a prime number?
False
Suppose 0 = 3*h + 3, -h + 3 = 2*u + 4*h. Suppose 0 = u*w + w - 30. Is w composite?
True
Let i be (-1 - 8)*1/(-3). Suppose -i*t + 2*t - 2 = 0. Is (-106)/t - (-4)/2 a prime number?
False
Suppose -4*a = a. Suppose a*g - g = -155. Is g a prime number?
False
Let d be 4/(-26) + 28/13. Suppose 1483 = d*x + 3*v, -4*v = -3*x + 636 + 1631. Is x composite?
True
Is (-19884)/18*9/(-6) composite?
False
Let q = 4571 - 2637. Is q prime?
False
Suppose 4*z - 6*z = -194. Is z composite?
False
Let o be -8*(-1 + (-21)/(-12)). Is (-10)/(-60) - 443/o prime?
False
Let m(b) be the second derivative of -b**5/20 + b**4 - 13*b**3/6 - 4*b**2 + 2*b. Is m(10) composite?
True
Let v = -13 + 16. Is -163*(v + -3 + -1) prime?
True
Suppose 0 = -k + 5*b + 394, -2*b + 1 = 3. Is k a prime number?
True
Let g = 2 - -1. Suppose -3*c = -k - 12, -6 = 5*c - 4*c + g*k. Suppose m - 173 = -c*m - 3*s, 5*s = 4*m - 213. Is m a prime number?
True
Suppose k + z = 2*k - 12, 5*z + 36 = 2*k. Suppose -k*i + 5 = -3*i. Suppose 0 = 3*v - i - 17. Is v prime?
False
Let n(a) = -890*a - 8. Let j be n(3). Is 8/36 + j/(-18) composite?
False
Let b = -3 + 6. Suppose 0 = -7*z + b*z + 508. Is z a prime number?
True
Let m(x) = -120*x + 25. Is m(-11) prime?
False
Let q(p) = p**3 + 10*p**2 + 2*p - 13. Let z be q(-9). Suppose 4*y - 114 = -2. Suppose -2*i + 4*n + z = 0, 0 = -i + 4*n - n + y. Is i prime?
True
Let l be 158/3*(-6)/(-4). Suppose -b = -l - 78. Is b composite?
False
Let m be 2*(2 + 0 + -1). Suppose -24 + m = -z. Is z prime?
False
Let t = 10 + -16. Let m(s) = -28*s - 10. Is m(t) a composite number?
True
Let z = 76 + -20. Suppose 2*k + 2*k = z. Is k a prime number?
False
Suppose 4*i = 5*b + 41 - 5000, 3*i = 5*b - 4958. Is b a prime number?
True
Let l = -4 - -2. Let p = -1 + l. Is p/(3/(45/(-3))) a composite number?
True
Suppose -5*b - 1083 = -238. Let z = b + 318. Is z a composite number?
False
Let i = -41 + 72. Is i a prime number?
True
Suppose 0 = -4*s + 2*s - 146. Let b = 192 + s. Is b a prime number?
False
Let k = 1755 - 834. Is k a composite number?
True
Suppose 0 = 3*p + 221 + 280. Let y = -40 - p. Is y a prime number?
True
Let p(x) = x**2 - 8*x - 6. Suppose -4*g + 0*g + 36 = 0. Let k be p(g). Suppose a = -k*a + 4*f + 292, 5 = 5*f. Is a composite?
True
Let m(l) = 2*l**2 - 5*l + 4. Suppose 0 = 5*u - q - 20, 2*q + q = -u + 4. Suppose -3*r + 2*n + 17 = 0, u*r - 5*n = 42 - 10. Is m(r) composite?
False
Let o(c) = 25*c**2 - 14*c - 3. Is o(-8) prime?
True
Let d(g) = 278*g**3 + 2*g - 1. Is d(2) prime?
False
Suppose -4*z = -2*r + z, 4*z = 3*r. Suppose r = -0*p + 3*p - 117. Is p a composite number?
True
Is (-3 - -5 - -256) + (-1 - 0) prime?
True
Let z(b) = b**3 - 9*b**2 + b + 1. Let p be z(6). Let h = p + 168. Is h prime?
True
Let r = 10 - 1. Suppose r*j = 4*j + 70. Is j a composite number?
True
Suppose -8*q = -3*q - 15. Suppose -q*m = r + m - 85, -3*r + 266 = m. Is r composite?
False
Let n = 6 - 3. Is (-412)/6*-3 - n prime?
False
Suppose -6 = -2*v - 0*v. Suppose j + 52 = v*j. Is j prime?
False
Suppose 4*w - 2 = -5*c + 1, -12 = c + 5*w. Suppose -c*u = -7*u + 144. Suppose -2*p = 2*p - u. Is p a prime number?
False
Is 20/20*(-185)/(-1) composite?
True
Let z be (-49)/(-21) + (-1)/3. Let n(x) = 2*x + 1. Let r be n(-1). Is ((z - 37) + 0)*r composite?
True
Suppose -4*b - b + 55 = 0. Is b composite?
False
Let l(n) = n - 11. Let c be l(6). Let w = 0 - c. Suppose -176 - 249 = -w*g. Is g prime?
False
Let r(t) = 5*t + 3*t**3 - 3*t**3 + 2*t**3 - 4*t - 1 - t**2. Is r(3) a prime number?
True
Let c(d) = d**2 - 3*d + 2. Let z = 3 + 0. Let h be c(z). Is ((-1)/h)/((-2)/212) prime?
True
Let w = -12 - -5. Let n(r) = 5*r**2 + 4*r + 3. Let o be n(-2). Let a = o - w. Is a composite?
True
Let d(l) = 5*l**2 + 17*l + 17. Is d(-24) prime?
False
Let t be (18/(-12))/((-9)/12). Is (1/t)/((-13)/(-1430)) prime?
False
Let f(b) = -b**2 + 9*b - 11. Let d be f(-10). Let t = -101 - d. Suppose 2*i - t = 6. Is i prime?
True
Let u(s) = s**2 + 9*s + 4. Let a be u(-9). Is (331/a)/((-1)/(-4)) prime?
True
Let z = 528 - 304. Suppose 0 = f - z + 61. Is f a composite number?
False
Let t = -2 + 6. Suppose -u - 18 = -t*u. Is (16/(-4))/((-4)/u) a prime number?
False
Suppose 3*u = -2*y, 3*u = -3*y - 2*y - 9. Suppose 145 + 43 = -u*d. Let l = 131 + d. Is l a composite number?
False
Suppose 27 = 3*g - 30. Let b = 130 + g. Is b a composite number?
False
Let c(z) = -z**3 - 6*z**2 - 3*z - 1. Let s be c(-2). Let f = s + 74. Let r = 190 - f. Is r prime?
True
Let q = 2 - 4. Is 62/(-4)*4/q composite?
False
Let u = 47 + -28. Suppose q - 1 - 42 = 4*n, q - u = -4*n. Suppose 4*s = 5*o - q, 5*s + 37 - 7 = 5*o. Is o a composite number?
False
Let l(c) = 8*c**2 + 2*c - 1. Let a be l(3). Let p(x) = 4*x**2 - 3*x - 2. Let o be p(4). Suppose y - o - a = 0. Is y a composite number?
False
Let l be (-2)/6 + (-2)/(-6). Suppose l*p - 2*p - 6 = 0. Is p/(-15)*-2*-65 prime?
False
Let o(v) = -11 + 3*v - 4*v + 4. Let c be o(-7). Suppose c = -5*u + 120 + 5. Is u a prime number?
False
Let h(g) = 3*g**2 + 4*g + 20. Is h(15) a composite number?
True
Let x = -207 + 351. Suppose -5*v + x = 49. Is v prime?
True
Let j(c) = -481*c**3 - c**2 + 2*c + 1. Is j(-1) a composite number?
False
Let v(x) = x**3 + 8*x**2 + 4*x - 2. Suppose -c - 5 + 18 = 5*k, -3*c + 4*k - 37 = 0. Is v(c) a prime number?
True
Let n be (-2)/(-7) + (-44)/7. Let p be 1/((0 - 3)/n). Suppose -p*r = -31 - 15. Is r a composite number?
False
Let f(d) = 32*d + 11. Let i(q) = q**2 - 2*q + 1. Let z be i(-2). Is f(z) prime?
False
Suppose 1778 = 13*b - 6*b. Is b prime?
False
Suppose 0*n = 2*n - 670. Is n a prime number?
False
Let x(l) = -2*l**2 + 2*l + 1. Let u be x(3). Let f = 10 - u. Is f prime?
False
Let r(w) = -w - 1. Let p be r(3). Let f(k) = -2*k - 3. Let c be f(p). Suppose -c*x = -7 - 38. Is x a composite number?
True
Let z(o) = 2*o**3 - 7*o**2 + 6*o + 11. Is z(8) a prime number?
False
Suppose -m - m + y = 2, 2*m - 4 = 4*y. Let u be (-52)/(6/(-5 - m)). Suppose 111 = r + u. Is r a prime number?
False
Is (-40794)/(-42) + 4/(-14) composite?
False
Suppose 5*m + 16 = 4*m. Let u be m*((-9)/12 + 0). Suppose -c + 12 = 5*a, 0 = a - 0*a + 5*c + u. Is a composite?
False
Let x = -175 + 268. Is x composite?
True
Let w be 4/(-10) - (-877)/5. Suppose -7*n + w = -2*n. Is n a prime number?
False
Let f be 92/3 - 2/(-6). Suppose -f = -2*r + 7. Is r prime?
True
Let u be (8/(-5))/(5/(-25)). Suppose 0 = -2*t + u, 5*t - 1 + 4 = d. Is d a prime number?
True
Let v(j) = -j**2 - j + 2. Let t be v(-3). Let k(r) = 2*r**2 + 4*r - 5. Let n be k(t). Is (-304)/(-22) - (-2)/n prime?
False
Let i(m) = -37*m - 2. Let u